= -749*p + 3730. Calculate g(5).
-15
Let n(m) = -5*m**2 + 62*m - 151. What is n(4)?
17
Let f(l) = -l**2 - 1112*l + 8967. Calculate f(8).
7
Let z(y) = -2*y**2 + 17*y - 14. Determine z(4).
22
Let n(s) = 128*s + 4221. What is n(-33)?
-3
Let l(p) = -90*p - 56. What is l(-4)?
304
Let m(t) = 18*t**2 + t - 9. Give m(4).
283
Let n(s) = -205*s**3 - 4*s**2 + 4*s - 2. Calculate n(1).
-207
Let z(f) = -f**2 - 82*f - 1687. Calculate z(-40).
-7
Let c(q) = q**2 - 199*q - 15533. Determine c(259).
7
Let h(n) = -13*n**2 + 73*n + 164. What is h(9)?
-232
Let c(f) = -f**3 + 15*f**2 - 2*f - 24. Calculate c(15).
-54
Let x(z) = z**2 + 17*z + 5. What is x(-5)?
-55
Let x(f) = 88*f**2 - 2899*f - 158. What is x(33)?
7
Let f(u) = -23*u**3 + 5*u**2 - 5*u - 15. What is f(-3)?
666
Let j(n) = -2*n**2 - 213*n - 5644. Give j(-59).
-39
Let d(y) = -16*y**2 - 5*y + 539. Give d(-6).
-7
Let m(l) = l**3 - 16*l**2 - 27*l + 851. Calculate m(14).
81
Let m(w) = 22*w + 250. Calculate m(-11).
8
Let p(r) = 586*r - 8784. Determine p(15).
6
Let i(q) = 114*q + 490. Give i(-4).
34
Let h(b) = b**3 + 24*b**2 - 111*b + 20. Determine h(-28).
-8
Let y(f) = 1003*f**2 - 314941*f - 316. Give y(314).
-2
Let a(r) = r**2 - 30*r - 55. What is a(27)?
-136
Let o(p) = -43*p - 215. Calculate o(-6).
43
Let w(v) = -65*v - 115. What is w(-2)?
15
Let q(o) = 5*o**2 + 62*o - 62. What is q(-16)?
226
Let x(o) = -o**3 - 26*o**2 - 75*o - 123. Give x(-23).
15
Let m(v) = -3594*v - 305494. Calculate m(-85).
-4
Let r(g) = -27*g - 826. Calculate r(-34).
92
Let r(t) = 10*t**2 - 612*t + 54. Give r(61).
-68
Let n(g) = -g**2 - 48*g - 136. Calculate n(-46).
-44
Let h(r) = 191*r + 7629. Calculate h(-40).
-11
Let p(y) = 2*y**2 - 150*y + 591. What is p(4)?
23
Let d(a) = -55*a**2 - a + 147. Determine d(0).
147
Let l(j) = -40*j + 440. Calculate l(11).
0
Let d(v) = 650*v - 11515. Calculate d(18).
185
Let i(a) = -4*a**2 + 83*a + 169. Calculate i(20).
229
Let z(a) = -286*a + 50040. Calculate z(175).
-10
Let i(z) = z**3 - 32*z**2 + 52*z - 836. What is i(31)?
-185
Let k(g) = -145*g**3 - 2*g**2 + g. What is k(1)?
-146
Let d(b) = 3*b + 40. Determine d(-4).
28
Let h(p) = -p**2 + 100*p + 867. What is h(-8)?
3
Let j(k) = -1093*k**2 + 10930*k - 2. Calculate j(10).
-2
Let u(p) = -2*p**3 - 91*p**2 - 106*p + 1102. What is u(-44)?
-42
Let m(v) = v**3 - 25*v**2 - 68*v + 161. Calculate m(27).
-217
Let i(n) = 41*n**2 + 3736*n + 428. Determine i(-91).
-27
Let r(n) = n**3 - 3*n**2 + 13*n - 144. Calculate r(0).
-144
Let u(j) = -j**3 + 36*j**2 + 46*j - 353. Determine u(37).
-20
Let i(w) = -w**2 + 62*w - 486. Determine i(9).
-9
Let g(u) = 38*u**3 + 4*u**2 + 31*u + 27. Give g(-2).
-323
Let g(k) = k**2 + 12*k - 32. Calculate g(2).
-4
Let t(c) = c**2 - 84*c - 4540. What is t(122)?
96
Let f(a) = -104*a - 2494. Determine f(-24).
2
Let r(f) = 3*f**2 + 119*f + 53. Determine r(-39).
-25
Let m(b) = -4*b**2 + 4*b + 6. What is m(4)?
-42
Let r(o) = -191*o**2 + 399*o - 29. Give r(2).
5
Let x(n) = -7*n**2 + 75*n + 402. Determine x(16).
-190
Let r(y) = -45*y + 2342. Determine r(52).
2
Let q(s) = 239*s + 2389. Give q(-10).
-1
Let a(g) = -472*g + 4925. What is a(10)?
205
Let l(t) = t + 8. Determine l(-16).
-8
Let f(b) = 361*b + 1558. Determine f(-5).
-247
Let w(p) = 74*p**2 - 3026*p - 302. Give w(41).
26
Let u(a) = 150*a - 2697. Determine u(18).
3
Let h(j) = -j**3 + 41*j**2 - 18*j - 94. Calculate h(40).
786
Let n(z) = z - 269. Calculate n(20).
-249
Let q(a) = -4*a**3 - 94*a**2 + 46*a - 51. Give q(-24).
-3
Let a(q) = 2*q**3 - 2*q**2 - 6*q + 6. Determine a(4).
78
Let g(d) = 2*d**2 + 187*d + 3669. Give g(-28).
1
Let l(w) = w**3 - 15*w**2 - 44*w - 4. Calculate l(14).
-816
Let k(d) = 186*d + 1394. Calculate k(-5).
464
Let b(o) = o**2 - 86*o - 2512. Give b(109).
-5
Let u(v) = -3*v**3 + 5*v**2 + 16*v + 17. What is u(-5)?
437
Let r(b) = -89*b**2 - 15*b - 52. Give r(-3).
-808
Let o(t) = 141*t + 4004. Determine o(-29).
-85
Let i(w) = 2*w - 265. What is i(-14)?
-293
Let u(q) = 4*q**2 - 44*q - 5. Calculate u(9).
-77
Let g(y) = y**2 + 474*y + 11. What is g(0)?
11
Let r(f) = -24*f + 632. Calculate r(27).
-16
Let m(z) = -17*z - 841. Calculate m(-2).
-807
Let r(i) = 28*i + 172. What is r(-6)?
4
Let t(d) = 214*d**3 - 4*d**2 + d + 3. Determine t(1).
214
Let y(w) = 1843*w + 1846. Give y(-1).
3
Let g(k) = 130*k + 2870. What is g(-22)?
10
Let y(k) = 12*k**2 - 342*k + 681. What is y(2)?
45
Let w(v) = 56*v - 146. Determine w(13).
582
Let i(d) = -72*d + 3175. Determine i(43).
79
Let p(o) = -5*o**2 + 398*o - 234. Determine p(79).
3
Let l(c) = c**3 - 46*c**2 + 99*c + 67. Determine l(44).
551
Let k(w) = 14*w - 145. What is k(5)?
-75
Let m(g) = 47*g + 108. What is m(-2)?
14
Let b(o) = -35*o - 170. Determine b(-5).
5
Let x(z) = z**3 + 162*z**2 + 102*z - 9502. Determine x(-161).
-3
Let s(q) = 1412*q - 36708. Calculate s(26).
4
Let q(h) = 2*h**3 - 22*h**2 + 15*h + 26. Determine q(10).
-24
Let c(z) = -5*z**2 + 169*z - 566. Determine c(30).
4
Let a(i) = -i**2 - 48*i - 28. Give a(0).
-28
Let o(d) = -6*d**2 - 7*d + 444. Calculate o(8).
4
Let u(b) = 2*b**2 + 60*b - 4327. What is u(-64)?
25
Let l(m) = 510*m - 2544. Give l(5).
6
Let j(i) = i**3 + 2*i**2 + 937*i. Determine j(0).
0
Let w(r) = -5*r**3 + 99*r**2 + 503*r + 30. What is w(24)?
6
Let g(d) = -4*d**3 - 65*d**2 - 19*d - 50. Calculate g(-16).
-2
Let k(x) = x**2 - 124*x + 717. Determine k(6).
9
Let o(j) = 67*j - 5567. Give o(82).
-73
Let h(o) = 2*o**3 - 3*o**2 - 17*o - 32. Determine h(-3).
-62
Let b(g) = 4*g**2 + 55*g + 191. Give b(-10).
41
Let y(p) = -p**2 - 1325*p - 248379. Calculate y(-226).
-5
Let k(n) = n**3 - 18*n**2 + 52*n - 17. What is k(3)?
4
Let f(u) = u**2 - 548*u - 3289. Calculate f(-6).
35
Let x(k) = -2062*k - 24732. Give x(-12).
12
Let m(j) = 7*j**3 - 6*j**2 + 2*j + 1. Calculate m(-2).
-83
Let q(d) = -d**3 + 61*d**2 - 61*d + 85. Calculate q(60).
25
Let p(v) = -13*v**2 - 219*v - 8. Calculate p(-17).
-42
Let p(v) = 3*v**2 + 16*v - 26. Calculate p(-6).
-14
Let b(u) = -2*u**3 - 264*u**2 + 807*u + 4. Give b(3).
-5
Let x(i) = -963*i + 1843. What is x(2)?
-83
Let n(p) = 2*p**2 + 105*p + 150. Determine n(-51).
-3
Let y(l) = -l**3 + 22*l**2 + 26*l - 127. Give y(23).
-58
Let k(b) = -78*b + 2064. Calculate k(26).
36
Let o(j) = -190*j - 95. What is o(4)?
-855
Let s(n) = n**3 + 15*n**2 - 22*n - 129. Give s(-16).
-33
Let p(i) = -821*i + 15619. Determine p(19).
20
Let p(g) = -g**2 + 72*g + 59. Give p(0).
59
Let o(q) = 2*q**2 + 57*q + 101. Determine o(-27).
20
Let k(z) = -162*z**3 + 2*z**2 - 1. What is k(1)?
-161
Let w(i) = i**2 + 53*i + 251. Give w(-5).
11
Let g(n) = -375*n + 1410. What is g(4)?
-90
Let z(u) = 66*u**2 + 664*u + 35. Calculate z(-10).
-5
Let g(c) = -c**3 + 12*c**2 + 411*c - 2982. Determine g(7).
140
Let n(z) = z**3 + 194*z**2 + 1490*z + 344. Calculate n(-186).
-28
Let b(c) = -1430*c + 14307. Determine b(10).
7
Let u(b) = -7*b**2 + 113*b + 709. Give u(21).
-5
Let k(r) = -631*r - 1896. Calculate k(-3).
-3
Let r(v) = 4*v + 14. Determine r(9).
50
Let d(s) = -7*s**2 + 17*s + 48. Determine d(-2).
-14
Let v(c) = 5*c - 92. What is v(18)?
-2
Let q(g) = g**3 + 17*g**2 - 14*g + 111. Give q(-18).
39
Let d(k) = -k**3 + 14*k**2 - 51*k + 16. What is d(9)?
-38
Let r(m) = 30*m - 109. Give r(2).
-49
Let d(j) = 2*j**2 - 91*j + 155. Give d(44).
23
Let s(t) = 2*t**3 + 9*t**2 - 5*t - 19. Calculate s(-5).
-19
Let d(i) = 25*i**2 - 405*i + 1225. What is d(4)?
5
Let r(n) = -4*n**2 + 363*n - 294. Calculate r(90).
-24
Let w(g) = 10*g**3 - 629*g**2 - 66*g + 187. Give w(63).
-2
Let s(h) = 102*h - 76. What is s(-2)?
-280
Let o(v) = -v**3 + 3*v**2 - 2*v - 11. Determine o(6).
-131
Let q(v) = 2*v**2 - 12*v + 22. What is q(9)?
76
Let g(a) = a**3 + 34*a**2 - 35*a + 19. Give g(-35).
19
Let x(v) = -6*v**2 + 185*v - 233. Calculate x(30).
-83
Let z(q) = q**2 - 6*q - 18. What is z(4)?
-26
Let a(d) = -d**3 + 93*d**2 - 1523*d + 788. Give a(72).
-4
Let w(j) = j**3 + 18*j**2 + 76*j + 10. Calculate w(-7).
17
Let l(z) = -65*z - 174. What is l(-3)?
21
Let o(u) = -2410*u - 16871. Determine o(-7).
-1
Let q(r) = -3*r**3 - 65*r**2 + 334*r - 112. Determine q(-26).
-8
Let m(w) = w**3 - 11*w**2 + 7*w + 34. Give m(-5).
-401
Let i(q) = -5*q**2 + 47*q + 1266. What is i(21)?
48
Let b(f) = f**2 - 23*f - 1205. Calculate b(48).
-5
Let m(r) = r**3 + 7*r**2 - 60*r + 16. Calculate m(-12).
16
Let g(c) = 